t common divisor of 2107 and 1204?
301
Calculate the highest common factor of 369 and 82.
41
What is the highest common factor of 30 and 3020?
10
Calculate the greatest common factor of 9 and 612.
9
What is the highest common factor of 78795 and 17?
17
Calculate the highest common factor of 1170 and 4420.
130
What is the greatest common divisor of 504 and 16380?
252
What is the highest common divisor of 17941 and 154?
77
What is the greatest common divisor of 69 and 4416?
69
What is the highest common factor of 103 and 5047?
103
Calculate the highest common divisor of 30 and 15.
15
What is the greatest common factor of 1809 and 513?
27
Calculate the greatest common divisor of 4 and 1128.
4
Calculate the highest common divisor of 45 and 285.
15
What is the greatest common divisor of 112 and 80?
16
Calculate the greatest common divisor of 261 and 13920.
87
What is the greatest common factor of 31 and 2263?
31
Calculate the greatest common divisor of 217 and 93.
31
Calculate the greatest common divisor of 16 and 44048.
16
What is the greatest common divisor of 3441 and 93?
93
Calculate the highest common divisor of 19152 and 90.
18
Calculate the highest common divisor of 608 and 64.
32
What is the highest common divisor of 1881 and 99?
99
What is the greatest common factor of 9844 and 92?
92
What is the greatest common divisor of 1798 and 372?
62
What is the greatest common divisor of 90113 and 97?
97
What is the greatest common divisor of 473 and 430?
43
Calculate the greatest common factor of 76 and 14459.
19
What is the highest common factor of 648 and 3384?
72
Calculate the greatest common divisor of 1251 and 5143.
139
Calculate the highest common factor of 172 and 559.
43
Calculate the highest common divisor of 324 and 1188.
108
Calculate the greatest common divisor of 1100 and 1672.
44
What is the highest common divisor of 10 and 5?
5
Calculate the greatest common factor of 1357 and 177.
59
What is the highest common divisor of 5 and 140?
5
Calculate the greatest common divisor of 6 and 597.
3
Calculate the greatest common divisor of 16985 and 43.
43
What is the greatest common divisor of 162 and 72?
18
What is the greatest common divisor of 1222 and 752?
94
What is the greatest common divisor of 1848 and 13706?
154
Calculate the greatest common divisor of 868 and 28.
28
What is the greatest common divisor of 1222 and 470?
94
Calculate the highest common divisor of 21177 and 9.
9
Calculate the highest common divisor of 63 and 180.
9
Calculate the highest common factor of 52 and 1391.
13
What is the greatest common divisor of 469 and 77?
7
What is the greatest common divisor of 31 and 713?
31
What is the highest common divisor of 4 and 50?
2
What is the highest common divisor of 2294 and 111?
37
Calculate the highest common divisor of 1073 and 58.
29
What is the highest common factor of 732 and 108?
12
Calculate the greatest common factor of 8 and 736.
8
What is the greatest common divisor of 54 and 3375?
27
What is the highest common divisor of 3782 and 186?
62
What is the greatest common divisor of 63 and 35?
7
What is the greatest common divisor of 306 and 54?
18
Calculate the highest common factor of 494 and 38.
38
What is the highest common divisor of 69 and 3?
3
Calculate the greatest common factor of 193 and 1.
1
Calculate the highest common divisor of 145 and 87.
29
Calculate the greatest common factor of 20 and 14.
2
What is the greatest common divisor of 35736 and 24?
24
Calculate the highest common divisor of 864 and 297.
27
What is the greatest common divisor of 399 and 2052?
57
What is the greatest common divisor of 592 and 37?
37
Calculate the highest common factor of 1827 and 9.
9
What is the greatest common divisor of 4482 and 270?
54
Calculate the greatest common factor of 42 and 105.
21
What is the highest common divisor of 1139 and 170?
17
Calculate the greatest common factor of 45 and 3960.
45
What is the greatest common factor of 91 and 143?
13
Calculate the highest common divisor of 1064 and 560.
56
What is the greatest common divisor of 1700 and 300?
100
Calculate the highest common divisor of 3971 and 57.
19
What is the highest common factor of 155 and 35?
5
What is the greatest common divisor of 1102 and 456?
38
What is the greatest common factor of 24 and 102?
6
Calculate the greatest common divisor of 260 and 5.
5
What is the highest common factor of 15 and 173?
1
What is the greatest common factor of 568 and 639?
71
What is the greatest common factor of 819 and 126?
63
What is the greatest common factor of 135 and 13095?
135
What is the greatest common divisor of 48 and 2136?
24
Calculate the greatest common divisor of 159 and 212.
53
What is the highest common factor of 476 and 518?
14
Calculate the highest common divisor of 2664 and 216.
72
Calculate the highest common factor of 544 and 952.
136
What is the greatest common factor of 141 and 47?
47
What is the greatest common factor of 25 and 1775?
25
What is the greatest common divisor of 18535 and 55?
55
Calculate the greatest common factor of 2 and 34.
2
Calculate the greatest common divisor of 30 and 220.
10
Calculate the highest common divisor of 550 and 1210.
110
What is the highest common factor of 1656 and 144?
72
Calculate the highest common factor of 175 and 14.
7
Calculate the highest common factor of 1443 and 74.
37
Calculate the highest common factor of 36 and 156204.
36
What is the greatest common factor of 378 and 182?
14
Calculate the highest common factor of 441 and 392.
49
Calculate the greatest common divisor of 231 and 484.
11
Calculate the highest common factor of 168 and 434.
14
What is the highest common divisor of 18 and 234?
18
Calculate the greatest common factor of 198 and 6798.
66
Calculate the highest common factor of 72672 and 192.
96
What is the greatest common divisor of 140 and 2156?
28
Calculate the greatest common divisor of 22750 and 35.
35
Calculate the greatest common divisor of 372 and 64914.
186
What is the greatest common divisor of 464 and 29?
29
What is the greatest common divisor of 2470 and 3230?
190
Calculate the highest common divisor of 352 and 638.
22
Calculate the greatest common factor of 247 and 559.
13
Calculate the highest common factor of 250 and 50.
50
Calculate the greatest common divisor of 340 and 255.
85
Calculate the greatest common factor of 612 and 884.
68
What is the greatest common factor of 304 and 144?
16
What is the greatest common factor of 176 and 11?
11
What is the greatest common divisor of 1392 and 10788?
348
What is the highest common factor of 255 and 2227?
17
What is the highest common divisor of 84 and 357?
21
Calculate the greatest common factor of 6566 and 196.
98
What is the highest common divisor of 9 and 819?
9
Calculate the greatest common factor of 64 and 7232.
64
Calculate the highest common divisor of 1344 and 21.
21
Calculate the highest common factor of 195 and 507.
39
Calculate the greatest common factor of 1800 and 800.
200
Calculate the greatest common divisor of 6351 and 87.
87
Calculate the greatest common factor of 70 and 84.
14
What is the highest common divisor of 145 and 58?
29
Calculate the highest common divisor of 440 and 160.
40
Calculate the highest common divisor of 195 and 7865.
65
Calculate the highest common divisor of 92 and 667.
23
What is the greatest common factor of 44 and 1804?
44
What is the highest common factor of 8856 and 656?
328
What is the highest common factor of 2223 and 19?
19
Calculate the greatest common factor of 28 and 4.
4
What is the highest common divisor of 16 and 4976?
16
Calculate the highest common factor of 266 and 42.
14
Calculate the highest common factor of 69 and 1012.
23
Calculate the greatest common factor of 2516 and 391.
17
What is the greatest common divisor of 270 and 10755?
45
Calculate the highest common factor of 42 and 28.
14
Calculate the highest common divisor of 39 and 6.
3
Calculate the greatest common factor of 49 and 35.
7
Calculate the highest common factor of 39 and 309.
3
What is the greatest common factor of 42 and 12327?
21
What is the highest common factor of 2 and 427?
1
Calculate the greatest common divisor of 1782 and 1026.
54
What is the highest common factor of 576 and 243?
9
What is the greatest